re the prime factors of g?
2, 313
Let g be -3 + (-278 - 4) - -4. Let n = g + 670. What are the prime factors of n?
389
List the prime factors of (9 - 10)*(1*-3773 + 0).
7, 11
Suppose -j = -5*p - 58113, 16*j - p = 20*j - 232515. List the prime factors of j.
2, 3, 7, 173
Suppose -26*r = -178219 - 75307. What are the prime factors of r?
7, 199
Suppose -5*f = 3*r + 2*r - 485, 0 = 4*r + 5*f - 384. Suppose -r + 325 = b. Suppose h = -h + b. List the prime factors of h.
2, 7
Let q be 13*-8*(-32)/(1 + 1). Suppose 2*f - 2*n - q = 0, -4553 = -4*f + n - 1219. What are the prime factors of f?
2, 3, 139
List the prime factors of (3*21787/9)/((-32)/(-96)).
21787
Suppose -o - 4*y + 20 = 0, -y = -3*o - 9 + 69. Suppose -4*m - o = -24. What are the prime factors of (-98 + m)/(4/(-4))?
97
Let s(v) = 118*v**2 + 4. Suppose 0 = 5*g - 3*g + 4. Let c be s(g). Suppose -4*p + c = 4*r, -5*r + 5*p = -512 - 83. List the prime factors of r.
7, 17
Suppose -p + 2 = -2*p + 4*y, 2*y - 36 = -3*p. Suppose 2*b - p = -2. Suppose 7*f + b = 179. What are the prime factors of f?
5
Let f(p) = 17*p**2 - 2*p. Let a be f(1). Let b(o) = -4*o - 23. Let h be b(-11). Let v = a + h. What are the prime factors of v?
2, 3
What are the prime factors of ((-22)/(-6) - 4/(-12))*(-8837)/(-4)?
8837
Suppose 9*y - 75 = 4*y. Let p(h) = -h**3 + 12*h**2 + 7*h + 2*h - y - 2*h. List the prime factors of p(12).
3, 23
Suppose 2*t = 12*r - 16*r + 84854, -2*r = 2*t - 42436. List the prime factors of r.
127, 167
Let s(c) = 23*c + 62. Let b be s(-14). Let n = b - -276. List the prime factors of n.
2
Let k(a) be the first derivative of -4*a**3/3 - 6*a**2 + 11*a - 16. Let s be k(-6). Let p = s - -112. What are the prime factors of p?
3, 17
Let a be -2*(1 + 0 + -2). Suppose -k + 5 - 72 = -f, 0 = 2*f + k - 146. Suppose -a*c = -f - 189. What are the prime factors of c?
2, 5, 13
Let i = 28466 + 2525. List the prime factors of i.
17, 1823
Suppose -5*a - 2*r + 12 = -a, 5*a = -r + 21. Suppose a*n - 4*k - 33 = 0, 5*k - k = -8. What are the prime factors of (2/2)/(-6*n/(-4530))?
151
Let h = -32915 + 52400. What are the prime factors of h?
3, 5, 433
Let d = 236 + -338. Let y = d - -320. List the prime factors of y.
2, 109
Suppose 5*u + 35 = 5*v, 2*u + 5*v + 65 = -3*u. Let j = 24 + u. Suppose -2*n - c + 90 = j, n - c = 38. What are the prime factors of n?
2, 19
Let z(y) = y**2 - 8*y - 59. Let t be z(13). Suppose t*u - 2869 = 1277. List the prime factors of u.
691
Let k(d) = -2*d**3 + 9*d**2 - 23*d - 5. List the prime factors of k(-23).
3, 1097
What are the prime factors of (1008967/102)/((-32)/(-192))?
59351
Suppose 5*b + 105 = 800. Suppose 0 = -g + 720 - b. What are the prime factors of g?
7, 83
Suppose 4*h = -4*r, -3*h = -r + 2*r. Suppose r = -0*u - 5*u + 90. Let o = 10 + u. List the prime factors of o.
2, 7
Suppose 35*w + 41*w + 90*w = 8080548. List the prime factors of w.
2, 3, 7, 19, 61
Suppose 0 = -j - 5*w + 8, -2 = -w - w. Suppose 12075 = j*r + 12*r. List the prime factors of r.
5, 7, 23
Let a(m) be the first derivative of -2*m**2 - 26*m - 8. Let j be a(-8). Suppose -2*z = -j - 168. What are the prime factors of z?
3, 29
Let s be 9*6/18 - -687. Let l = s + -426. List the prime factors of l.
2, 3, 11
What are the prime factors of (-105622 - (-3 + 1))*(162/36 - 5)?
2, 5, 5281
Suppose 3*y + 4*b = 16 + 17, -4*b = y - 3. Suppose -y*a + 32523 = 22*a. What are the prime factors of a?
3, 293
Let f = -11 + 5. What are the prime factors of 8350/90 + f/(-27)?
3, 31
Let f = 1150 - -2814. Suppose f = 3*u - 5*z, 3*u - 11*z + 13*z - 3950 = 0. List the prime factors of u.
2, 659
Suppose -3*n = 0, -6*i + i - 3*n + 5340 = 0. List the prime factors of i.
2, 3, 89
Let w = 5978 - -449. What are the prime factors of w?
6427
What are the prime factors of 7 + (-5)/2*(-34604)/205?
3, 11, 13
Let r(d) = -31 + 129 - 28 - 32 + 126*d - 28. List the prime factors of r(2).
2, 131
Let j(z) = 55*z**2 + 28*z - 196. List the prime factors of j(14).
2, 7
What are the prime factors of (4/(-6))/(252/(-1099980))?
2, 3, 5, 97
Suppose -176*p + 175*p + 22 = 0. Suppose -p*b = -5*b - 6511. What are the prime factors of b?
383
Let l be (-165)/(-20) + (-2)/8. Let v(z) = -9*z + 68. Let t be v(l). List the prime factors of 3/24*2 - 175/t.
2, 11
Suppose -7*u + 441 = -21. Let i = 66 - u. Let k(d) = d**3 - d + 50. List the prime factors of k(i).
2, 5
Let j = -51363 - -104868. List the prime factors of j.
3, 5, 29, 41
Suppose 0 = 2*z + 6, 3*r - 6*r - z = -6. Suppose -8*t = -r*i - 3*t + 13, -6 = -2*i + 2*t. Suppose -m - 2*m + 9 = 0, 2*m - i = u. List the prime factors of u.
5
List the prime factors of ((-100)/(-3))/((-46)/(-24771)).
2, 5, 359
Suppose 3*q = 7*q + 140. Let u = q - -40. Suppose -2*n = -u*n + 345. What are the prime factors of n?
5, 23
Suppose 0 = b + 5, 5*y + 2*b = 16898 + 3242. What are the prime factors of y?
2, 5, 13, 31
Let q(j) be the second derivative of 0 + 28*j - 5/3*j**4 + 1/20*j**5 + 27/2*j**2 + 2/3*j**3. What are the prime factors of q(20)?
107
Suppose -104655 - 152266 = 17*s. What are the prime factors of s/(-14) - (-3)/6?
2, 3, 5
Let m(f) be the second derivative of 1/20*f**5 + 7/3*f**3 + 0 + 7/6*f**4 - 22*f - 17/2*f**2. List the prime factors of m(-10).
3
Let v(w) = w**3 + 6*w**2 - 2*w + 37. Let a be v(-7). Suppose -a*x + 1189 = 325. List the prime factors of x.
2, 3
Suppose 3*l - 6*l - 4*i + 35 = 0, -2*i + 11 = l. Suppose l*h + 34*h = 53204. What are the prime factors of h?
2, 283
Let a be 8/(-6)*216/(-8). Suppose -h + 56 = 3*q, -3*q + a = 4*h - 26. What are the prime factors of (-1)/1*(-23 - q)?
41
Let w(k) = 497*k**2 - 51*k - 21. What are the prime factors of w(-7)?
7, 3527
Suppose -39177 = -b - 19428. What are the prime factors of b?
3, 29, 227
List the prime factors of 200/(-95) + 2 - (-548306)/38.
47, 307
What are the prime factors of (-2)/((-70)/(-108234)*(-8)/20)?
3, 859
Let z(h) be the third derivative of h**4/4 + 37*h**3 - 22*h**2. Suppose -r = -2*q + 4, 7*q = r + 4*q + 6. List the prime factors of z(r).
2, 3, 37
Suppose r + 161 + 209 = c, -1870 = -5*c - 5*r. Suppose 2*g = 4*g + 4*t - c, 3*t - 923 = -5*g. List the prime factors of g.
2, 23
Suppose 79 = -4*d + 11. Let m = d + 25. Suppose m*k - 645 = 3*k + 5*p, -3*p - 635 = -5*k. What are the prime factors of k?
2, 31
Suppose 5*y - 5*t - 915 = 0, t - 516 = -5*y + 399. Suppose -561 - 47 = -108*d + 40. Suppose -861 + y = -d*s. What are the prime factors of s?
113
Let v(h) = h**2 + 9*h - 8. Let s be v(-10). Let y be (0 + -50)*((-4)/8 + s). List the prime factors of 33/(-12)*(y - 1).
11, 19
Suppose x = -3 + 7. Suppose 8*v = x*v + 16. Suppose v*n + 114 - 578 = 0. What are the prime factors of n?
2, 29
Let f = -23 + 117. Suppose -8*m = -i - 3*m + 25, -2*i = m - f. Let x = i - -42. List the prime factors of x.
3, 29
Let x = 351 - 351. Suppose 5*z + 3*v - 7*v - 1510 = x, v = -3*z + 889. What are the prime factors of z?
2, 149
Suppose -k + 5 = -0, -3*k - 120534 = -3*d. What are the prime factors of d?
11, 13, 281
Suppose a + 0*y - 24 = y, 2*y + 105 = 5*a. Let h(r) = -18*r + 10 - 4*r**2 - 16*r - 5 + 6*r**2. List the prime factors of h(a).
3
Suppose -14*j - 5*s - 51545 = -17*j, 3*s = 5*j - 85871. List the prime factors of j.
2, 5, 17, 101
Suppose 2*d - 4*u - 28874 = 0, d + 4*u - 4339 - 10122 = 0. List the prime factors of d.
3, 5, 107
List the prime factors of (0 - 4)*-2*(3 + 5854).
2, 5857
Let g = -159 + 267. Let n = g + -109. What are the prime factors of 9*(16 + 6/(n + -1))?
3, 13
What are the prime factors of (-3)/((-75)/200990) + (-6)/(-15)?
2, 3, 5, 67
Let n(h) = h**3 + 5*h**2 - 5*h + 9. Let q be n(-6). Suppose q*v - 1190 = 2*s, -22*v + 25*v - 1205 = -s. List the prime factors of v.
2, 5
What are the prime factors of (8*2)/(828/(-3339) + (-22)/(-77))?
2, 53
Let g = -117 - -20481. What are the prime factors of g?
2, 3, 1697
Suppose 5*u + 3*u = 136. Suppose 4*o - 5170 = 5*c, -o = -u*c + 16*c - 1293. List the prime factors of o.
5, 7, 37
Suppose -4*g + 14*h + 56 = 19*h, -2*h = 0. Let m(c) = -4*c**2 - 7*c**2 + 11 - 3*c**2 + c**3 - 18*c + 2*c**2. List the prime factors of m(g).
151
Suppose -3720 = 31*p - 36*p. Suppose 4*l + r - 2955 = 0, 5*r + p = -28*l + 29*l. What are the prime factors of l?
739
Suppose -w = 4*y - 255, 2*w = -10*y + 6*y + 250. Suppose -4*h - y*j + 60*j + 4712 = 0, -2*h + 23